8279. What is the ten thousands digit of j(-4)?
4
Let f(d) = 5*d**2 + 5*d - 10. Let b be f(2). Suppose 22*u - 104 = b*u. Suppose -u = -2*i + 3*t + 96, -4*i = 2*t - 296. What is the tens digit of i?
7
Let j be (-32)/(-20)*(-10)/(-4). Let a be j + (-111)/2*2. Let t = a + 188. What is the units digit of t?
1
Let n(h) = -h**3 - 12*h**2 + 1. Let o be n(-12). Let l(u) = -8*u**2 - 19 - u + 0*u**3 - u**3 - o. What is the units digit of l(-9)?
0
Let q = -54 - -54. Suppose u + 23 - 654 = -3*r, q = -3*u + r + 1863. What is the units digit of u?
2
Let i(z) = z**3 - 11*z**2 + 2*z - 17. Let b be i(11). Let h = b - 199. Let a = h - -338. What is the units digit of a?
4
Suppose 3*y + 1 + 8 = 0. Let s(m) = -4*m**2 + 27*m - 38. Let k(c) = 2*c**2 - 13*c + 19. Let p(z) = y*s(z) - 5*k(z). What is the tens digit of p(11)?
8
Let w be 3/3 - (-2)/2. Suppose -4*a - 380 + 388 = 0. Suppose 20 = -5*x, a*x - 64 = -w*c + 3*x. What is the tens digit of c?
3
Suppose 2*j - 3*j = -3*f + 248, 960 = -4*j + 4*f. Let z = j - -332. Suppose -4*c + 2*d = -9*c + z, 5*c = 3*d + 106. What is the tens digit of c?
2
Let j(n) = -1718*n**2 + 0 + 11*n + 1720*n**2 + 3. Let t be j(-6). What is the hundreds digit of (-3)/t + 782/6?
1
Let r = -14644 - -18686. What is the hundreds digit of r?
0
Let t(z) = z**3 + 4*z + 21. Let u be t(0). What is the tens digit of u + 771 + (-3 - -2)?
9
Let x be (-82)/(-26) - (-8)/(-52). What is the units digit of x - (-729 - 24/(-3))?
4
Suppose -4 + 25 = 3*i - 4*u, i + u = 0. Suppose 338 = i*f - 2047. What is the units digit of f?
5
Let l = 337 + -332. Suppose -l*w + 3*j + 4431 = 0, -11*w = -14*w - 3*j + 2673. What is the units digit of w?
8
Let s = -2371 + 1180. What is the hundreds digit of (94 + -95)/(1/s*1)?
1
Let z be ((-12)/9 - 35/(-42))*-12724. Suppose -13*p - 538 = -z. What is the units digit of p?
8
Suppose -5*y + 20 = 3*h, h = 5*y - 9*y + 16. Suppose 1781 = 4*q - 3*o, -q - 4*q - o + 2250 = h. What is the units digit of q?
9
What is the ten thousands digit of 4/(-2)*(6560460/(-840) + 4/7)?
1
Let h be (21/(-7))/(3/2). Let y be (-2 + 2)*h/(-4). What is the units digit of (-56)/(y - (-10)/(-25))?
0
Suppose 5*o - 5231 = -331. Suppose -229 = -v + 3*c + 16, 2*c + o = 4*v. What is the hundreds digit of v?
2
Let d(n) = -n**2 - 16*n + 256. Let q be d(0). Suppose -2*f + 2*t + q = 0, 4*f - 526 = -0*f - 3*t. What is the hundreds digit of f?
1
Let x(k) = 3*k**2 + 2*k. Let u be x(-2). Let a be -446*(-4)/u + -1. Suppose -r = 2*r - a. What is the tens digit of r?
7
Let d(m) = 8*m**2 + 11*m - 104. What is the tens digit of d(-26)?
1
Let z be 2/6 - (-15)/9. What is the tens digit of (-4 - -2)/(z - 3480/1735)?
4
Let q = 8347 + -3196. What is the tens digit of q?
5
Let j(t) = 403*t - 1394. What is the hundreds digit of j(31)?
0
Let m = 92584 + -40276. What is the tens digit of m?
0
Let q(x) be the second derivative of x**4/6 - 14*x**3/3 - 6*x**2 - 95*x. What is the hundreds digit of q(-10)?
4
Let y(s) = 2*s - 21. Let a be (-8)/((-64)/12)*8. Let c be y(a). Suppose o = 4*v - 102 - 16, o = c*v - 88. What is the units digit of v?
0
Suppose 25*o = -27*o + 1465646 - 192790. What is the units digit of o?
8
Let f(m) = 0*m**2 + 26*m - 9 - 4 - m + m**2. Let y be f(19). Suppose -b + 3*s = -265, -5*b = 5*s - y - 482. What is the hundreds digit of b?
2
Suppose f - 5*y = 4412, 4*f - 31*y - 17614 = -28*y. What is the units digit of f?
2
What is the tens digit of (-3 - -1)*(0 - (-15243)/(-6))?
8
What is the hundreds digit of 20621/(9 + (-64)/8)?
6
Let v = 78 + -58. Let u be 92/v - 6/10. What is the tens digit of (21 + 0)*u/6?
1
Suppose -743 = 3*m - 2*x, -3*m - 5*x - 1280 = 2*m. Let n = m + 356. Suppose 0 = -3*o + 4*d + 180, -5*o + 160 = 5*d - n. What is the tens digit of o?
5
What is the tens digit of (-111712)/(-16) + -9 - 3?
7
Let d(k) = -k**3 - 22*k**2 - 24*k - 2. Let y be d(-21). Let c = y + -56. Suppose -4*j - 176 - 176 = -3*h, -3*j = c*h - 577. What is the units digit of h?
6
Let p(q) = 5*q**2 + 460*q + 585. What is the units digit of p(-105)?
0
Let q be (-2 - 11/5)/((-4)/(-20)). Let p = 18 + q. What is the tens digit of (-737)/(-4) + p/12?
8
Let q = -1437 + 6008. What is the thousands digit of q?
4
Suppose -147*p - 2*q + 7494 = -142*p, -5*q - 7480 = -5*p. Let d = p + -931. What is the tens digit of d?
6
Let u be (708/36)/((-4)/(-12)). Suppose 3*d + 393 = 5*q, 3*q - 176 = 2*d + u. What is the tens digit of q?
8
Suppose 2*l + 0*l - r = 22638, 24 = -4*r. What is the thousands digit of l?
1
Let d = -301 + 295. What is the units digit of 0 + 3 + d + 222?
9
What is the units digit of 5 - -30*((4116/5)/3 + 2)?
7
Let m(g) be the second derivative of -g**4/12 + 27*g**2 - g. Suppose 6*i = -24*i. What is the units digit of m(i)?
4
Suppose -5*w + 4*a - a + 2005 = 0, 0 = -5*w + 4*a + 2005. Suppose 167 = 4*c - w. What is the units digit of c/(1 + (0 - 2) + 3)?
1
Let y(h) = -h - 1. Let j(l) = 63*l**2 + l - 12. Let d(i) = j(i) - 2*y(i). Let w(x) be the first derivative of d(x). What is the hundreds digit of w(1)?
1
Suppose 36*y - 174366 = 9*y. What is the tens digit of y?
5
Let v be 1 - 1/(1/(-2)). Let r = 2451 + -2448. What is the tens digit of (v - (-54)/(-12))*(-104)/r?
5
Suppose 2*v = 3*v - 2. Suppose -v*f = -0*f - 3*u - 159, 0 = 5*u - 25. Suppose -4*n = -t + f + 55, 0 = -3*t - 2*n + 398. What is the tens digit of t?
3
Let u(w) = 27*w**2 + 7*w + 6. Let s be u(-1). Suppose -29*k - 33 = -s*k. Let p(h) = -14*h - 42. What is the tens digit of p(k)?
1
What is the tens digit of 118/(-649) - (2 - 178248/22)?
0
Let n = 147327 + -77457. What is the thousands digit of n?
9
Suppose -15 = -2*m - 3*w, 0 = -2*m - 9*w + 11*w. Suppose -5*n - 2*p + 3470 = -m*p, -n - p = -688. What is the hundreds digit of n?
6
Let a = 20915 + 4567. What is the hundreds digit of a?
4
Let l = -492 - -421. Let v = 1392 + l. What is the tens digit of v?
2
Let q be (-6 - -5)*(-2 - -2). Suppose q*c + 104 = -4*d + 2*c, -3*c + 131 = -5*d. Let t = -24 - d. What is the units digit of t?
1
Let s be ((-2 - -2) + -2)/((-4)/6). Suppose s*j - 5*j = -18. Let u(h) = -h**3 + 11*h**2 - 12*h + 15. What is the tens digit of u(j)?
6
Suppose 0 = 2*h + 4*v - 18, 5*v - 6 = 2*v. Suppose h*n + 12 = 5*c - 3, -3*c = -4*n - 11. What is the hundreds digit of -3 - (n + 1)*165/1?
1
Suppose 4*d - 126407 = 107*h - 112*h, -h + 25275 = 4*d. What is the thousands digit of h?
5
Suppose r - 815 = -4*r - 5*n, 4*r - 2*n = 652. Let f = 237 + r. What is the units digit of f?
0
Suppose -5*n + 18 = -n + 3*r, 2*r - 10 = -2*n. Suppose -n*x + 8 = 2. Suppose 0 = -x*f, -2*i + 452 = 2*i - 5*f. What is the units digit of i?
3
Suppose 1601 = 7*m - 7492. Suppose -5*c + 1241 = -m. What is the units digit of c?
8
What is the hundreds digit of ((-4)/(16/(-11)))/((-79)/(-105544))?
6
Suppose 80032 = 4*r - 417*f + 419*f, 5*f + 39992 = 2*r. What is the hundreds digit of r?
0
Let j = 8429 + -3989. Suppose -5*d + j = 3*g, -16*d = 5*g - 12*d - 7400. What is the tens digit of g?
8
Let t(q) = 2*q - 4. Let o be t(4). Suppose -10 = -0*u - 2*u, -3*h - o*u + 407 = 0. Let p = h + -12. What is the hundreds digit of p?
1
Suppose 4*l + 6 - 322 = 0. Suppose -l*w - 106 = -80*w. What is the units digit of w?
6
Suppose 41*d = 475*d - 14092414. What is the hundreds digit of d?
4
Let p(z) = -8*z**3 + 15*z**2 - 57*z - 11. Let d be p(6). Let j = -880 - d. What is the units digit of j?
1
Let x = 38597 + -18584. What is the hundreds digit of x?
0
Let w be 388/(-32) + -2 + (-68)/(-32). What is the tens digit of 643*4*(-3)/w?
4
Let x = -34 + -15. Let q = x - -49. Suppose -4*l + 9 + 79 = q. What is the units digit of l?
2
What is the hundreds digit of 371005*((-392)/140)/(-14)?
2
Let w(n) = -18*n**2 - 3*n + 1. Let p = -27 - -24. Let z be w(p). Let o = z - -214. What is the units digit of o?
2
Let q(l) = -178*l - 223. Let z be 30/(-40) + ((-300)/16)/3. What is the thousands digit of q(z)?
1
Let x = -381 - -384. What is the units digit of x/6*42*116/6?
6
Let h be (-22435)/(-42) - 1/6 - -6. Let q be 2/(-5) - 188/(-20). Suppose -q*t - h = -13*t. What is the units digit of t?
5
Let b = -5041 - -7597. What is the thousands digit of b?
2
Let j = 3105 + -8024. Let n = j + 6890. What is the units digit of n?
1
Let r = -237 + 114. Let p = 123 + r. Suppose p = -11*u + 1499 - 333. What is the units digit of u?
6
Let y = -3